 3*z**2. What is q(c)?
-2
Let h(u) = 10*u + 7. Let x(j) = 10*j + 8. Let f(g) = -6*h(g) + 5*x(g). Let v be (-7)/3 + 13/(234/(-12)). Determine f(v).
28
Suppose -391*w + 387*w - d - 122 = 0, -5*d = -30. Let x(f) = -2*f**3 - 64*f**2 + 2*f + 57. Give x(w).
-7
Let w(s) be the third derivative of -s**6/120 + 7*s**5/60 + s**4/6 - 7*s**3/6 - 2399*s**2. Determine w(6).
53
Let f(l) = l**3 - 21*l**2 + 38*l + 3. Let w be f(19). Suppose 0 = 4*o + 16, w*v - 43 = o - 30. Let g(x) = x**2 - 5*x + 2. Give g(v).
-4
Let w(u) = -u**3 - u**2 - u + 5. Suppose -30*a + 1183 + 1847 = 0. Suppose 105*f = a*f. Give w(f).
5
Let g(w) = -88*w**3 + w**2 - 75*w**3 - 1 - 3*w - 74*w**3 + 236*w**3. Give g(0).
-1
Let s(d) = 2. Let f(r) = -14*r - 7. Let h(a) = f(a) + 6*s(a). Let x(z) = -z + 7*z - 2 + 0*z - z. Let g(w) = -6*h(w) - 17*x(w). Calculate g(6).
-2
Let g(i) be the second derivative of -i**3/6 - 19*i**2 + 1131*i. What is g(-11)?
-27
Let n(a) = 12*a**2 + 3*a - 8. Let w(z) = -4*z**2 - 75*z - 117. Let j be w(-17). Give n(j).
46
Let k be (-1)/(-1) + (66 - 1). Suppose -2*l = -3*u - 179, -1539 + 1425 = 2*u - 2*l. Let s = k + u. Let z(t) = -4*t**3 - 2*t + 1. What is z(s)?
-5
Let k(x) = 8 + 5*x + 8*x - 9. Suppose 0 = -2*z - l - 2, -6 - 3 = 3*z + 3*l. Give k(z).
12
Let p(y) = 14*y + 1. Let m(g) = -14*g - 1. Let q(w) = 2*m(w) + 3*p(w). Suppose -3*i = 4*h + 5, 5*i = -h + 3*i. What is q(h)?
-27
Let s(r) = 2*r**2 + 56*r - 54. Let h(b) = -988*b + 8863. Let w be h(9). Calculate s(w).
4
Let l(a) = -a + 12. Let d = -6 + 15. Suppose -22 = 5*k - d*k + 3*u, -2*u = -4*k + 20. Give l(k).
8
Let u(a) be the second derivative of -5/6*a**3 + 50*a - 5/12*a**4 + 0 - a**2 + 1/20*a**5. Give u(6).
4
Let h be (8/3)/((-2)/(-12)). Let o = 8 - -9. Let x(b) = b + h - o - 9*b. What is x(-1)?
7
Let z(k) = 7*k**2 + 11*k**3 + 10326*k - 10*k**3 + 7 - 10318*k. Let o = -1 - 4. Give z(o).
17
Let u(v) = -5*v. Suppose 3*f - 6*f + i - 183 = 0, 0 = 4*i. Let k = f + 61. Let c be u(k). Let g(q) = q**3 - q**2 + 1. Determine g(c).
1
Let t(c) = -c + 2. Suppose -7*z - 3316 = -5*i, -2*i + z = 242 - 1563. Let q = -663 + i. What is t(q)?
6
Let t(y) = -8*y - 36 + 3901*y**3 - 11*y**2 + 59 - 3902*y**3. Calculate t(-10).
3
Let g(j) = -j**3 + 3*j**2 + 3*j. Let p be ((-545)/(-436))/(2/8). Suppose 3*w - 2*u - 7 = 0, 0 = -2*w - p*u + 6*u + 5. What is g(w)?
9
Let a(k) = 7*k**3 - 2*k**2 - k. Suppose -9*w = -1979 - 415. Let h = 265 - w. Give a(h).
-8
Let m(p) be the third derivative of p**6/120 + 7*p**5/60 + 7*p**4/12 + 13*p**3/6 + 135*p**2 - 5. Calculate m(-5).
-7
Suppose 2*t + 4 = y, y + 6 = 5*t + 28. Let f(v) be the third derivative of 0 + 0*v + 1/24*v**4 + 2*v**2 + 5/3*v**3. Determine f(y).
2
Let b(x) be the first derivative of -x**3/3 - 3*x + 1. Suppose 0 = 4*d + 2*l + 18, 3*d + 36 = -729*l + 725*l. Determine b(d).
-3
Let v(w) = -5*w**2 - 11*w - 4. Let y(q) = -4*q**2 - 10*q - 3. Let t(n) = 5*v(n) - 6*y(n). Suppose 66 = -18*p + 678. Let h = 37 - p. What is t(h)?
4
Let h(q) = -q**3 - 7*q**2 + 11*q + 12. Let i = -1176 + 1167. Give h(i).
75
Let x(y) be the second derivative of y**3/6 + 4*y**2 + 2*y + 40. Let z(q) = q**3 + 10*q**2 - 13*q - 16. Let i be z(-11). Suppose 0 = -t + i*t. What is x(t)?
8
Let q be (-4)/(-4)*(-5 + -5). Let h(r) = -r**3 - r. Let s(x) = -x**3 + 9*x**2 - 12*x - 7. Let z(v) = -2*h(v) + s(v). What is z(q)?
-7
Let w(q) = 17*q + 6. Let k be w(-6). Let o = k - -101. Let b(t) = -o*t**2 - 90*t + 94*t - 6 + 4*t**2. Give b(5).
-11
Suppose 4*l - 1 = 4*n - 7*n, 0 = 2*l + n - 3. Let m(u) = -u + 15 - 1 - l + 2*u. Let o = 61 + -61. Determine m(o).
10
Let u(x) = x**2 - 4*x - 16. Let s(k) = 1. Let l(a) = -6*s(a) - u(a). Suppose -24*o = -15*o - 63. What is l(o)?
-11
Let p(x) = 2*x**3 - 5*x - 2. Let i be p(2). Let h(r) = 4023 - i*r - 4023. Give h(-4).
16
Let g be (-14)/(224/120) + 8. Let x(y) be the first derivative of 4*y + g*y**2 + 8. Determine x(-6).
-2
Let x(i) be the third derivative of -i**4/8 - 5*i**3/3 - 2143*i**2 + 1. Let l = -10 + 2. Calculate x(l).
14
Let k(n) = -n**3 - 9*n**2 + 7*n - 7. Let d = -4880 + 4870. Determine k(d).
23
Let n(m) be the second derivative of m**5/20 - 11*m**4/12 - 2*m**3 + 12*m**2 + 31*m + 8. Calculate n(12).
24
Let z(b) = 34*b**2 - 6*b + 1. Let j(f) = -44*f**2 + 8*f - 2. Let k(q) = 4*j(q) + 5*z(q). Let i(y) = -y + 2. Let v be i(0). Calculate k(v).
-23
Let f(i) = -i**2 + 15*i - 35. Let q = 5752 - 5740. Determine f(q).
1
Let x(s) = s**3 + 7*s**2 + s + 3. Let f be x(-7). Let l(p) be the second derivative of 0*p**2 - 5/6*p**3 + 0 - 1/12*p**4 - 29*p. Calculate l(f).
4
Let j(y) = -4*y - 114. Let c(l) = 3*l + 93. Let z(n) = -3*c(n) - 2*j(n). Calculate z(-9).
-42
Suppose -4*h - 15 - 1 = 0. Let f be h/(-8)*(8 + 6). Let x(g) = -4 - f - 2 - 3*g + 19. What is x(4)?
-6
Let u(q) = -q**3 + 6*q**2 + 2*q + 2. Suppose -187 + 320 = 19*r. Let t be 9/(r/(126/27)). Calculate u(t).
14
Let u(r) be the first derivative of -r**4/2 + 3*r**3 + 7*r**2/2 - 9*r - 2846. Give u(4).
35
Let n(c) = -c**3 + 13*c**2 + 11*c + 5. Let t be 42/(-4)*(-13)/(624/64). Determine n(t).
-37
Let n(c) = -2*c**2 + 4*c - 4. Let i(l) = -l**2 + 5*l - 3. Suppose -34*t - 51 = -35*t. Let v = 53 - t. Let j(r) = v*n(r) - 3*i(r). Determine j(-8).
-7
Let r(g) = 97 + 5*g - 2*g + 2*g - 15 + 2*g. What is r(-9)?
19
Let y be 2 - ((-3)/51*0)/6. Let n(b) be the first derivative of b**3/3 - b**2/2 + 1. What is n(y)?
2
Let u(g) = -g. Let p(j) = 3*j - 11. Let r be p(3). Let b be r - 16/(-3 - 1). Suppose -16 = 9*t + b. Determine u(t).
2
Suppose 440 = 74*f + 14*f. Let x(p) = p**2 - 10*p - 3. What is x(f)?
-28
Let y(o) = 41*o - 5. Suppose 0 = -745*r + 786*r - 41. What is y(r)?
36
Let q(o) = o**2 + 5*o + 1. Let g be (10/4 - 2) + (-6)/12. Suppose g = -5*c + 15, 4*n + 3*c - 41 = -0*c. Let k be (-8 - -7)/(0 - (-2)/n). Give q(k).
-3
Let l(b) = -b**3 + b**2 - b - 19. Let h(w) = w**3 - 10*w**2 + 14. Let c be h(8). Let u = c - -114. What is l(u)?
-19
Let w(s) = s + 12. Let g be (-9)/6*(5 + 1). Let i be w(g). Suppose 6*p - 5*h - 10 = p, i*p = 2*h + 6. Let k(q) = q**2 + 4*q - 3. What is k(p)?
9
Let w(r) = -r**3 - 10*r**2 - 20*r - 4. Let x be w(-8). Let g be 1/((x/(-12))/(-7)). Let n(i) = 0*i - 4*i**2 - i**3 - 1 + 0*i - i + g. What is n(-3)?
-4
Suppose 0 = 2*t + 2*t + 8. Let z(y) = 9*y - 2 + 8*y + 10*y - 8*y. Calculate z(t).
-40
Suppose 6*i + 2*i + 105 = -13*i. Let c(g) = -g**3 - 7*g**2 - 5*g + 1. Calculate c(i).
-24
Let b = -580 - -581. Let g(r) = 44*r + 2. Calculate g(b).
46
Let d(h) = h - 1. Let i be ((-2)/(-11) + (-35)/11)*-1. Let n(p) = -2 + 23*p - i - 40*p. Let a(o) = 4*d(o) - n(o). Give a(1).
22
Let z be ((-104)/44 + -2 - -4)*33/(-6). Let f(a) be the second derivative of 1/12*a**4 + 2*a**z + 5/6*a**3 + 0 - 19*a. Give f(-6).
10
Suppose 0 = -19*n + 18*n + 2. Let a(x) = 4*x**n + 3 + x**2 - 4*x**2 - 3*x. Give a(4).
7
Let a(o) = o**3 - 7*o**2 + 4*o - 2. Let r(f) = -4*f**2 - 73*f + 63. Let u be r(-19). What is a(u)?
-14
Suppose 17*n = 15*n + 4*p + 66, 2*n = 3*p + 62. Suppose 0 = 19*z - n*z + 24. Let q(a) = a**3 - 3*a**2 - 5*a - 2. Calculate q(z).
-6
Suppose -288 = 23*c + 8*c + 115. Let z(v) = -v**3 - 14*v**2 - 15*v - 30. Determine z(c).
-4
Let u(v) = v**3 + 8*v**2 - 3*v - 31. Let i be (-390)/(-455) + 124/(-14). Let s be u(i). Let o(q) = -q**3 - 7*q**2 + q + 9. Give o(s).
2
Suppose 219*j - 115 = 323. Let z(q) = -q**3 + 3*q**2 + 3. What is z(j)?
7
Let v(t) be the second derivative of 7*t**5/20 - t**4/12 + t**3/3 + 3*t**2/2 - 26*t + 51. What is v(-1)?
-7
Let r(t) = -2*t**2 + 8*t + 7. Suppose 5*x - 9 + 0 = -2*i, x - 27 = -4*i. Let m be (i + -6)/((-7)/(-49)). Calculate r(m).
-35
Suppose 0*q - 5*q = 15. Let j be (5 + 2 - q) + -4. Let z(h) = -3 + 9*h - h**2 - 3*h**2 + 3*h**2 - 5. Calculate z(j).
10
Let l(n) = -25 + 7 + 12 - n + 5. Suppose y - 5*w - 12 = 8, 3*w = y - 14. Give l(y).
-6
Let i(l) = -41*l - 41. Let o be i(-8). Let d(w) = -294*w**2 - 3 + w**3 + o*w**2 + 2 - w. Let j(f) = -f**3 + f**2 + 3*f + 1. Let y be j(-2). Determine d(y).
-8
Let i(d) be the first derivative of d**2/2 + 19*d + 2751. Determine i(-30).
-11
Let l be (-768)/384*1/(-2). Let x(w) be the first derivative of 3*w**3 - 2 - 2*w**3 - 2*w**3. Determine x(l).
-3
Let v = -19 + 21. Let j(b) = -9 - 8*b**2 - 8 - b**3 + 27 + 4*b**3 - v*b. Let s(a) = a**3 + a. Let p(k) = -j(k) + 4*s(k). Determine p(-7).
-3
Let r be (-6)/7 - 280